n 176998 is divided by 10.
8
What is the remainder when 977 is divided by 530?
447
What is the remainder when 38283 is divided by 672?
651
What is the remainder when 3230 is divided by 803?
18
Calculate the remainder when 9526 is divided by 4158.
1210
Calculate the remainder when 3263069 is divided by 16.
13
Calculate the remainder when 17282 is divided by 640.
2
What is the remainder when 44001 is divided by 46?
25
Calculate the remainder when 592328 is divided by 3.
2
What is the remainder when 39966 is divided by 71?
64
What is the remainder when 555 is divided by 76?
23
What is the remainder when 2161 is divided by 1051?
59
What is the remainder when 655 is divided by 218?
1
Calculate the remainder when 32891 is divided by 10882.
245
Calculate the remainder when 16061 is divided by 3169.
216
Calculate the remainder when 4776 is divided by 209.
178
What is the remainder when 9721 is divided by 3?
1
What is the remainder when 19498 is divided by 12?
10
What is the remainder when 318257 is divided by 6?
5
What is the remainder when 4534 is divided by 449?
44
What is the remainder when 3108 is divided by 616?
28
What is the remainder when 189424 is divided by 23?
19
Calculate the remainder when 354 is divided by 349.
5
Calculate the remainder when 942 is divided by 92.
22
What is the remainder when 1076998 is divided by 12?
10
Calculate the remainder when 161199 is divided by 2121.
3
What is the remainder when 22121 is divided by 177?
173
What is the remainder when 7557 is divided by 24?
21
Calculate the remainder when 751 is divided by 66.
25
Calculate the remainder when 215999 is divided by 809.
805
Calculate the remainder when 9117 is divided by 371.
213
What is the remainder when 37218 is divided by 34?
22
Calculate the remainder when 5567 is divided by 141.
68
Calculate the remainder when 44988 is divided by 11246.
4
What is the remainder when 5089184 is divided by 51?
47
What is the remainder when 146181 is divided by 3748?
9
Calculate the remainder when 211130 is divided by 515.
495
What is the remainder when 13288 is divided by 2000?
1288
Calculate the remainder when 2337 is divided by 75.
12
Calculate the remainder when 6016 is divided by 851.
59
What is the remainder when 99 is divided by 86?
13
What is the remainder when 192615 is divided by 99?
60
Calculate the remainder when 678 is divided by 74.
12
Calculate the remainder when 180496 is divided by 36097.
11
Calculate the remainder when 7491 is divided by 25.
16
Calculate the remainder when 74669 is divided by 75.
44
What is the remainder when 7817 is divided by 3769?
279
What is the remainder when 2148 is divided by 98?
90
Calculate the remainder when 12863 is divided by 126.
11
What is the remainder when 129337 is divided by 12924?
97
Calculate the remainder when 11633 is divided by 584.
537
Calculate the remainder when 21365 is divided by 2668.
21
Calculate the remainder when 4609 is divided by 1430.
319
Calculate the remainder when 377350 is divided by 14.
8
Calculate the remainder when 15457 is divided by 35.
22
What is the remainder when 28386 is divided by 1005?
246
Calculate the remainder when 227115 is divided by 113555.
5
Calculate the remainder when 1410502 is divided by 26613.
13
Calculate the remainder when 13346 is divided by 3331.
22
What is the remainder when 200 is divided by 111?
89
Calculate the remainder when 154450 is divided by 4064.
18
What is the remainder when 25750 is divided by 13?
10
Calculate the remainder when 2934 is divided by 116.
34
Calculate the remainder when 204 is divided by 34.
0
Calculate the remainder when 176004 is divided by 564.
36
What is the remainder when 13876 is divided by 2312?
4
Calculate the remainder when 2678 is divided by 1047.
584
Calculate the remainder when 20112 is divided by 57.
48
What is the remainder when 114993 is divided by 1250?
1243
What is the remainder when 53401 is divided by 13339?
45
Calculate the remainder when 15905 is divided by 3973.
13
What is the remainder when 5465 is divided by 1276?
361
What is the remainder when 7884 is divided by 8?
4
What is the remainder when 9007 is divided by 1425?
457
Calculate the remainder when 56706 is divided by 56673.
33
Calculate the remainder when 23908 is divided by 310.
38
Calculate the remainder when 12057 is divided by 60.
57
What is the remainder when 438080 is divided by 161?
160
What is the remainder when 79171 is divided by 6090?
1
What is the remainder when 3630807 is divided by 13?
11
Calculate the remainder when 35530 is divided by 811.
657
Calculate the remainder when 1703 is divided by 835.
33
Calculate the remainder when 301013 is divided by 350.
13
Calculate the remainder when 121314 is divided by 663.
648
What is the remainder when 85852 is divided by 123?
121
Calculate the remainder when 1670 is divided by 633.
404
What is the remainder when 19004 is divided by 403?
63
What is the remainder when 181189 is divided by 51?
37
Calculate the remainder when 378 is divided by 47.
2
Calculate the remainder when 159990 is divided by 159972.
18
Calculate the remainder when 8695 is divided by 795.
745
Calculate the remainder when 24919 is divided by 19.
10
What is the remainder when 3006 is divided by 606?
582
Calculate the remainder when 20180 is divided by 429.
17
Calculate the remainder when 1030 is divided by 501.
28
Calculate the remainder when 476426 is divided by 52935.
11
What is the remainder when 11892 is divided by 20?
12
Calculate the remainder when 61409 is divided by 706.
693
What is the remainder when 41526 is divided by 5932?
2
Calculate the remainder when 1075106 is divided by 48868.
10
What is the remainder when 132928 is divided by 15?
13
What is the remainder when 4232 is divided by 37?
14
What is the remainder when 387198 is divided by 176?
174
What is the remainder when 95397 is divided by 2979?
69
Calculate the remainder when 152 is divided by 55.
42
Calculate the remainder when 398134 is divided by 197.
194
What is the remainder when 5200297 is divided by 644?
641
Calculate the remainder when 15125 is divided by 2152.
61
What is the remainder when 490804 is divided by 122689?
48
Calculate the remainder when 192 is divided by 111.
81
What is the remainder when 73890 is divided by 377?
375
What is the remainder when 29739 is divided by 632?
35
What is the remainder when 13687 is divided by 116?
115
Calculate the remainder when 160244 is divided by 1324.
40
What is the remainder when 33991 is divided by 500?
491
Calculate the remainder when 2794557 is divided by 120.
117
Calculate the remainder when 1209 is divided by 498.
213
What is the remainder when 597084 is divided by 9?
6
Calculate the remainder when 842482 is divided by 30.
22
Calculate the remainder when 43766 is divided by 31.
25
Calculate the remainder when 25057 is divided by 207.
10
What is the remainder when 3894450 is divided by 291?
288
Calculate the remainder when 2819 is divided by 11.
3
What is the remainder when 69372 is divided by 185?
182
What is the remainder when 10122 is divided by 779?
774
What is the remainder when 66482 is divided by 7359?
251
Calculate the remainder when 7781 is divided by 241.
69
Calculate the remainder when 4564 is divided by 348.
40
What is the remainder when 18342 is divided by 29?
14
What is the remainder when 1732468 is divided by 13?
10
Calculate the remainder when 83434 is divided by 298.
292
What is the remainder when 4718 is divided by 2314?
90
Calculate the remainder when 1091 is divided by 28.
27
Calculate the remainder when 2462 is divided by 207.
185
Calculate the remainder when 567 is divided by 105.
42
What is the remainder when 6225 is divided by 271?
263
Calculate the remainder when 20915 is divided by 2986.
13
Calculate the remainder when 1470 is divided by 419.
213
Calculate the remainder when 2585 is divided by 26.
11
What is the remainder when 1981 is divided by 149?
44
What is the remainder when 2784 is divided by 475?
409
Calculate the remainder when 15822 is divided by 352.
334
What is the remainder when 11694 is divided by 5842?
10
What is the remainder when 2974 is divided by 5?
4
What is the remainder when 5318 is divided by 1693?
239
Calculate the remainder when 129566 is divided by 23.
7
Calculate the remainder whe